 2. Let u be q(j). What is the units digit of 3 + 6/(-3 - u)?
5
Suppose 5*t - 8 + 18 = 0. What is the units digit of ((-392)/(-32))/(t/(-24))?
7
Let f = -4 - -10. Let r be (33/(-9))/((-2)/f). Let b = 10 + r. What is the tens digit of b?
2
Let b(r) = -r**3 - 4*r**2 + 5*r - 1. Let x be 10/45 - (-94)/(-18). Let n be b(x). What is the units digit of 7/5*(n - -6)?
7
Suppose 303 + 2192 = 5*h. What is the tens digit of h?
9
Suppose 0 = o - 4. Suppose -4*p - o = -2*p, 142 = 2*m + 3*p. What is the units digit of m?
4
What is the hundreds digit of (-30)/(-4)*(-6)/(-75)*3495?
0
Let x(p) = -2*p**2 + 2*p - 2. Let t be x(-3). What is the units digit of (-29)/(-9) - t/(-117)?
3
Let d be -5*(170/(-25) + -3 + -3). Let n = 29 + d. What is the tens digit of n?
9
Suppose -5*u = -3*r - 2244 - 7021, -3*u = -2*r - 5560. What is the units digit of u?
0
Let b(j) = -j - 13. Let q be (-3 - (-14)/4)*-26. Let y be b(q). Suppose y = 2*x + 2*w - 28, -5*x + 0*w + 84 = -2*w. What is the units digit of x?
6
Let r be 6/21 - 172/14. Let v(j) = -j**3 - 10*j**2 + 18*j + 41. What is the hundreds digit of v(r)?
1
Let b(t) = 3*t**3 - 6*t**2 + 17*t - 3. Let h be b(6). Suppose 274 + h = 7*l. What is the hundreds digit of l?
1
Suppose 3*q - 1 = y, 3*q + 4 = -2*y - 2*y. Let h be 6 + y/(1 - 2). Suppose 0 = h*n - 12*n + 155. What is the tens digit of n?
3
Suppose 16 = -l + 11, 0 = -y - 2*l + 2123. What is the thousands digit of y?
2
What is the hundreds digit of 24629/44 - -4 - 1/(-4)?
5
Suppose -24*g + 69075 = -24237. What is the hundreds digit of g?
8
Let r = 508 - 70. What is the tens digit of r?
3
Let x(z) = z + 3 - 9 - 7*z - 11*z. What is the units digit of x(-5)?
9
Let z(a) = 33*a - 98. Suppose -17 = -5*b - 3*o + 50, -2*b = 2*o - 30. What is the units digit of z(b)?
5
Let s(r) = -12*r**3 - r**2 - r + 2. Let p be s(1). Let n(z) = z**2 + 8*z - 8. What is the tens digit of n(p)?
4
Let f = 69 + -69. Suppose -3*g - 3*t = -222, f*t + t = 3*g - 226. What is the units digit of g?
5
Let z = 19 + 59. Suppose i - z = -0*i. What is the tens digit of i?
7
Let p = 2709 - 784. What is the units digit of p?
5
Let z = -9 - -9. Let k(t) = -t**3 + 2*t**2 - t + 108. What is the units digit of k(z)?
8
Suppose 16*p + 97 = 4833. What is the units digit of p?
6
Let y(s) = -374*s - 105. What is the units digit of y(-8)?
7
Let t = 325 - 241. What is the units digit of t?
4
Suppose -4*j = -3*d - 8668, 44*j - 40*j - 8660 = d. What is the hundreds digit of j?
1
Let u(z) = z**3 + 6*z**2 - 3*z + 6. What is the units digit of u(-5)?
6
Suppose 0 = -6*z + 2*z + a + 48, 4*z + a - 40 = 0. What is the units digit of z?
1
Let g(o) = 2*o**2 + 8*o + 8. Let c be g(-4). What is the tens digit of 54/c*(-16)/(-6)?
1
Suppose -g = 5*c - 2*g - 321, -c = 2*g - 62. Let u = c + -58. What is the units digit of u?
6
Suppose j + 18 = -2. Let i = j + 54. What is the tens digit of i?
3
Suppose -5 = 2*a - 13. Suppose -a*p + 12 = -p. Suppose p*g = -4, -5*r + 67 = -3*r + g. What is the tens digit of r?
3
Let p = 26 + -24. Let j(i) = -2*i - 8. Let d be j(-7). Suppose d*u = p*u + 24. What is the units digit of u?
6
Let c(v) = -v**2 - 62*v - 239. What is the tens digit of c(-38)?
7
Let v(a) = -a**2 + 6. Suppose 3*y + 3*f = -6, -2*f - f = 6. Let x be v(y). What is the tens digit of 3*x/((-18)/(-15))?
1
Let j = 10 - 13. Let g be 0/((-3)/9*j). Suppose 4*t - 3*u - 43 = g, -11 = 3*t + 3*u - 38. What is the tens digit of t?
1
Let q(u) = -u**2 + 2*u + 3. Let d be q(-2). Let a(m) = 4*m**2 - 8*m - 3. What is the tens digit of a(d)?
3
Let h(d) be the third derivative of 17/24*d**4 + 11*d**2 + 8/3*d**3 + 1/30*d**5 + 0 + 0*d. What is the units digit of h(-11)?
1
Let z = 12 + -18. Let a(h) be the first derivative of -3*h**2 - 10*h + 1. What is the units digit of a(z)?
6
Suppose -7*a + 56 = -98. Let p = 20 - a. What is the tens digit of (-40)/p*1/2?
1
Let u = 894 - 490. Suppose -w + 424 = -4*d + 9*d, 0 = -5*d + 4*w + u. What is the units digit of d?
4
Let m(b) = -319*b**2 + 2*b + 1. Let l(h) = 159*h**2 - h. Let w(u) = 5*l(u) + 2*m(u). What is the tens digit of w(1)?
5
What is the thousands digit of (10503/(-3))/(-37 + 34)?
1
Let g(k) = 57*k - 59. What is the units digit of g(5)?
6
Let j(r) = 10*r + 193. Let a(i) = i**2 + 14*i + 45. Let c be a(-9). What is the tens digit of j(c)?
9
Suppose 2*k + 0*k = 0, -2*f - 3*k + 2 = 0. Suppose -u = -f + 6, 3*x = -2*u + 134. What is the units digit of x?
8
Let c = -56 + 77. Suppose y - 39 = c. What is the tens digit of y?
6
Let k = 2059 - -1955. What is the thousands digit of k?
4
Let h = -33 + 37. Suppose h*f = -2*t + 80, -t + 6 = 3*f - 29. What is the units digit of t?
0
Let b(k) = 3*k**2 + 4*k + 140. What is the tens digit of b(0)?
4
Suppose -34*d + 1093 = -33*d. What is the tens digit of d?
9
Let q be (-6)/8 - 299/(-52). Suppose -20 = -q*d, -5*d + d - 44 = -4*n. What is the tens digit of n?
1
Let d be 18/(-24) - 46/(-8). Suppose -t - d*w = t - 102, 5*w = t - 81. What is the units digit of t?
1
Let o = 1602 - 514. What is the units digit of o?
8
Let z(d) = d**2 + d**3 - 9*d - 5 + 4*d**2 + 0*d**2. Suppose 0*o - 3 = -2*w + 5*o, 2*w + 24 = -4*o. What is the tens digit of z(w)?
1
Suppose -j = -3*j + 1058. What is the tens digit of j?
2
Suppose -3*s + 817 + 1055 = -3*z, -s = 2*z - 618. What is the tens digit of s?
2
Suppose -2*f - 28 = -4*u + 3*f, 2*u + 12 = -4*f. Suppose -174 - 118 = -u*c. What is the units digit of c?
6
Let a(g) = 2*g**3 + 17*g**2 + 8*g + 5. Let u be a(-7). Suppose 0 = -3*w + 78 + u. What is the tens digit of w?
5
Let z be (-3)/((-6)/8) + 0. Let o = z - -2. Let d(k) = 2*k + 3. What is the units digit of d(o)?
5
Suppose -10*r - 948 = -13*r. Let v = -207 + r. Suppose 3*g - 208 = j, v - 41 = g - j. What is the units digit of g?
0
Let g(i) = -i**3 - 9*i**2 - 9*i + 4. Let j(q) = 5*q**3 - q**2 + 1. Let v be j(1). Suppose 2*u = 5*t - 16, 2*u + 21 = 2*t + v. What is the units digit of g(u)?
2
Let r = 354 + 325. What is the hundreds digit of r?
6
Suppose -b = -3*t + 741, 2*b = 3*t + 4*b - 732. Suppose 3*c - t = 3*q, 16 - 1 = 5*q. What is the units digit of c?
5
Let g be (-2)/4*(-2 - 2). Suppose -j + 4 = g*n - 1, -4*j + 20 = n. Suppose -f = 2*k + k + j, -4*k = 16. What is the units digit of f?
7
Let d(s) = s**3 + 4*s**2 - 7*s - 5. Let k be d(-5). Suppose k*h - 3 = 12. Suppose 0 = -2*u + h - 1. What is the units digit of u?
1
Suppose 0 = -16*d + 20*d - 184. Let q = d - 14. Suppose 4*l - q - 160 = 0. What is the units digit of l?
8
Let m(x) = -136*x - 1144. What is the thousands digit of m(-35)?
3
Let v = -326 - -467. What is the units digit of v?
1
Let w(v) be the second derivative of v**5/20 + v**4 - 2*v**3 + 4*v**2 + 7*v. Let s be w(-13). What is the units digit of -2 - (-11 + 4 + s)?
0
Let j = -86 - -92. Let a = j - -56. What is the units digit of a?
2
Let y = 1261 - -1047. What is the thousands digit of y?
2
Let y(j) = 18*j**2 - 3*j - 14. What is the units digit of y(4)?
2
Suppose -3*r + 6*r = 3750. What is the tens digit of r?
5
Let b = -74 + 4. Let i be -43 - (-3)/((-9)/12). Let z = i - b. What is the tens digit of z?
2
Suppose -2*i - 4 = l, 4*i - i - 2*l - 8 = 0. Suppose -1920 = -12*f - i*f. What is the tens digit of f?
6
Suppose -108*o = -107*o - 658. What is the tens digit of o?
5
Let a(k) = -1 + 28 + 6*k - 20*k + k**2 + 2. Let w be a(12). What is the tens digit of 159/w - 6/(-30)?
3
Let t = -7469 + 12479. What is the hundreds digit of t?
0
Let s = -241 - -166. Let i = s - -196. What is the hundreds digit of i?
1
Let c = 230 + -87. What is the hundreds digit of c?
1
Let v(k) = -k**3 - 8*k**2 - 3*k - 24. Let w be v(-9). Let f = w + 125. What is the tens digit of f?
0
Suppose 3*h - 3*k = 3, -3*h + 2*k + 6 - 1 = 0. Suppose -h*g + 202 + 143 = 0. What is the units digit of g?
5
Let o be (-2)/6*(-2 - -2). Suppose 2*d = -o*d - 14. Let j = d + 39. What is the tens digit of j?
3
Let n(h) = h**3 - 7*h**2 + 8*h + 9. Suppose 0 = -6*f + 26 + 16. What is the units digit of n(f)?
5
Let v be (4 - (-104)/(-28)) + 248/14. What is the units digit of (v*1)/(2/8)?
2
Let i be (-3*68/(-12))/1. Let v = 11 + -8. Suppose 3*u = -5*g + 40 - i, -5*u = -v*g - 61. What is the units digit of u?
1
Let o(s) = s**3 - 3*s**2 - 13*s + 1. Let v(f) = -3*f**3 + 10*f**2 + 38*f - 2. Let w(c) = -17*o(c) - 6*v(c). What is the units digit of w(1